{"id":25466,"date":"2025-01-27T10:43:45","date_gmt":"2025-01-27T16:43:45","guid":{"rendered":"https:\/\/galeana.gob.mx\/?page_id=25466"},"modified":"2026-01-13T11:54:51","modified_gmt":"2026-01-13T17:54:51","slug":"fraccion-xiii-la-informacion-en-version-publica-de-las-declaraciones-patrimoniales-de-los-servidores-publicos-que-asi-lo-determinen-2","status":"publish","type":"page","link":"https:\/\/galeana.gob.mx\/index.php\/fraccion-xiii-la-informacion-en-version-publica-de-las-declaraciones-patrimoniales-de-los-servidores-publicos-que-asi-lo-determinen-2\/","title":{"rendered":"FRACCION XIII \u2013 La informaci\u00f3n en versi\u00f3n p\u00fablica de las declaraciones patrimoniales de los servidores p\u00fablicos que as\u00ed lo determinen"},"content":{"rendered":"\n<div class=\"wp-block-file\"><a id=\"wp-block-file--media-4ecd5632-c131-4319-b210-424d726d10eb\" href=\"https:\/\/galeana.gob.mx\/wp-content\/uploads\/2025\/01\/NLA95FXIII-ENERO-2025.xlsx\">NLA95FXIII-ENERO-2025<\/a><a href=\"https:\/\/galeana.gob.mx\/wp-content\/uploads\/2025\/01\/NLA95FXIII-ENERO-2025.xlsx\" class=\"wp-block-file__button wp-element-button\" download aria-describedby=\"wp-block-file--media-4ecd5632-c131-4319-b210-424d726d10eb\">Descarga<\/a><\/div>\n\n\n\n<div class=\"wp-block-file\"><a id=\"wp-block-file--media-eb82a3ab-4de5-4c82-9410-bd2db55b48a2\" href=\"https:\/\/galeana.gob.mx\/wp-content\/uploads\/2025\/01\/NLA95FXIII-FEBRERO-2025.xlsx\">NLA95FXIII-FEBRERO-2025<\/a><a href=\"https:\/\/galeana.gob.mx\/wp-content\/uploads\/2025\/01\/NLA95FXIII-FEBRERO-2025.xlsx\" class=\"wp-block-file__button wp-element-button\" download aria-describedby=\"wp-block-file--media-eb82a3ab-4de5-4c82-9410-bd2db55b48a2\">Descarga<\/a><\/div>\n\n\n\n<div class=\"wp-block-file\"><a id=\"wp-block-file--media-8a6310de-9079-419e-86e0-8ba56be49c11\" href=\"https:\/\/galeana.gob.mx\/wp-content\/uploads\/2025\/01\/NLA95FXIII-MARZO-2025.xlsx\">NLA95FXIII-MARZO-2025<\/a><a href=\"https:\/\/galeana.gob.mx\/wp-content\/uploads\/2025\/01\/NLA95FXIII-MARZO-2025.xlsx\" class=\"wp-block-file__button wp-element-button\" download aria-describedby=\"wp-block-file--media-8a6310de-9079-419e-86e0-8ba56be49c11\">Descarga<\/a><\/div>\n\n\n\n<div class=\"wp-block-file\"><a id=\"wp-block-file--media-7fd8af4a-b642-47b8-8800-00dbd2cffa65\" href=\"https:\/\/galeana.gob.mx\/wp-content\/uploads\/2025\/07\/NLA95FXIII-ABRIL-2025.xlsx\">NLA95FXIII-ABRIL-2025<\/a><a href=\"https:\/\/galeana.gob.mx\/wp-content\/uploads\/2025\/07\/NLA95FXIII-ABRIL-2025.xlsx\" class=\"wp-block-file__button wp-element-button\" download aria-describedby=\"wp-block-file--media-7fd8af4a-b642-47b8-8800-00dbd2cffa65\">Descarga<\/a><\/div>\n\n\n\n<div class=\"wp-block-file\"><a id=\"wp-block-file--media-e445c124-f340-4520-b6d1-dabfb8cba250\" href=\"https:\/\/galeana.gob.mx\/wp-content\/uploads\/2025\/07\/NLA95FXIII-MAYO-2025.xlsx\">NLA95FXIII-MAYO-2025<\/a><a href=\"https:\/\/galeana.gob.mx\/wp-content\/uploads\/2025\/07\/NLA95FXIII-MAYO-2025.xlsx\" class=\"wp-block-file__button wp-element-button\" download aria-describedby=\"wp-block-file--media-e445c124-f340-4520-b6d1-dabfb8cba250\">Descarga<\/a><\/div>\n\n\n\n<div class=\"wp-block-file\"><a id=\"wp-block-file--media-5002cd63-f2d9-40fb-a8c1-35d572303417\" href=\"https:\/\/galeana.gob.mx\/wp-content\/uploads\/2025\/07\/NLA95FXIII-JUNIO-2025.xlsx\">NLA95FXIII-JUNIO-2025<\/a><a href=\"https:\/\/galeana.gob.mx\/wp-content\/uploads\/2025\/07\/NLA95FXIII-JUNIO-2025.xlsx\" class=\"wp-block-file__button wp-element-button\" download aria-describedby=\"wp-block-file--media-5002cd63-f2d9-40fb-a8c1-35d572303417\">Descarga<\/a><\/div>\n\n\n\n<div class=\"wp-block-file\"><a id=\"wp-block-file--media-ceb573e8-2ec6-4d17-b2db-842db6d8e0c0\" href=\"https:\/\/galeana.gob.mx\/wp-content\/uploads\/2025\/10\/NLA95FXIII-JULIO-2025.xlsx\">NLA95FXIII-JULIO-2025<\/a><a href=\"https:\/\/galeana.gob.mx\/wp-content\/uploads\/2025\/10\/NLA95FXIII-JULIO-2025.xlsx\" class=\"wp-block-file__button wp-element-button\" download aria-describedby=\"wp-block-file--media-ceb573e8-2ec6-4d17-b2db-842db6d8e0c0\">Descarga<\/a><\/div>\n\n\n\n<div class=\"wp-block-file\"><a id=\"wp-block-file--media-10735143-1bfa-4700-af6d-56034d914317\" href=\"https:\/\/galeana.gob.mx\/wp-content\/uploads\/2025\/10\/NLA95FXIII-AGOSTO-2025.xlsx\">NLA95FXIII-AGOSTO-2025<\/a><a href=\"https:\/\/galeana.gob.mx\/wp-content\/uploads\/2025\/10\/NLA95FXIII-AGOSTO-2025.xlsx\" class=\"wp-block-file__button wp-element-button\" download aria-describedby=\"wp-block-file--media-10735143-1bfa-4700-af6d-56034d914317\">Descarga<\/a><\/div>\n\n\n\n<div class=\"wp-block-file\"><a id=\"wp-block-file--media-30c8b720-8be8-4453-b467-317fa0d12228\" href=\"https:\/\/galeana.gob.mx\/wp-content\/uploads\/2025\/10\/NLA95FXIII-SEPTIEMBRE-2025.xlsx\">NLA95FXIII-SEPTIEMBRE-2025<\/a><a href=\"https:\/\/galeana.gob.mx\/wp-content\/uploads\/2025\/10\/NLA95FXIII-SEPTIEMBRE-2025.xlsx\" class=\"wp-block-file__button wp-element-button\" download aria-describedby=\"wp-block-file--media-30c8b720-8be8-4453-b467-317fa0d12228\">Descarga<\/a><\/div>\n\n\n\n<div class=\"wp-block-file\"><a id=\"wp-block-file--media-55d5bb6e-33c5-4a87-bb76-d1664bef7e08\" href=\"https:\/\/galeana.gob.mx\/wp-content\/uploads\/2026\/01\/NLA95FXIII-OCTUBRE-2025.xlsx\">NLA95FXIII-OCTUBRE-2025<\/a><a href=\"https:\/\/galeana.gob.mx\/wp-content\/uploads\/2026\/01\/NLA95FXIII-OCTUBRE-2025.xlsx\" class=\"wp-block-file__button wp-element-button\" download aria-describedby=\"wp-block-file--media-55d5bb6e-33c5-4a87-bb76-d1664bef7e08\">Descarga<\/a><\/div>\n\n\n\n<div class=\"wp-block-file\"><a id=\"wp-block-file--media-857871e1-b023-4086-9342-6a6472bc466f\" href=\"https:\/\/galeana.gob.mx\/wp-content\/uploads\/2026\/01\/NLA95FXIII-NOVIEMBRE-2025.xlsx\">NLA95FXIII-NOVIEMBRE-2025<\/a><a href=\"https:\/\/galeana.gob.mx\/wp-content\/uploads\/2026\/01\/NLA95FXIII-NOVIEMBRE-2025.xlsx\" class=\"wp-block-file__button wp-element-button\" download aria-describedby=\"wp-block-file--media-857871e1-b023-4086-9342-6a6472bc466f\">Descarga<\/a><\/div>\n\n\n\n<div class=\"wp-block-file\"><a id=\"wp-block-file--media-3ef24261-b78b-46b7-aeb4-39122c3d8c18\" href=\"https:\/\/galeana.gob.mx\/wp-content\/uploads\/2026\/01\/NLA95FXIII-DICIEMBRE-2025.xlsx\">NLA95FXIII-DICIEMBRE-2025<\/a><a href=\"https:\/\/galeana.gob.mx\/wp-content\/uploads\/2026\/01\/NLA95FXIII-DICIEMBRE-2025.xlsx\" class=\"wp-block-file__button wp-element-button\" download aria-describedby=\"wp-block-file--media-3ef24261-b78b-46b7-aeb4-39122c3d8c18\">Descarga<\/a><\/div>\n","protected":false},"excerpt":{"rendered":"","protected":false},"author":1,"featured_media":0,"parent":0,"menu_order":0,"comment_status":"closed","ping_status":"closed","template":"","meta":{"footnotes":""},"class_list":["post-25466","page","type-page","status-publish","hentry"],"_links":{"self":[{"href":"https:\/\/galeana.gob.mx\/index.php\/wp-json\/wp\/v2\/pages\/25466","targetHints":{"allow":["GET"]}}],"collection":[{"href":"https:\/\/galeana.gob.mx\/index.php\/wp-json\/wp\/v2\/pages"}],"about":[{"href":"https:\/\/galeana.gob.mx\/index.php\/wp-json\/wp\/v2\/types\/page"}],"author":[{"embeddable":true,"href":"https:\/\/galeana.gob.mx\/index.php\/wp-json\/wp\/v2\/users\/1"}],"replies":[{"embeddable":true,"href":"https:\/\/galeana.gob.mx\/index.php\/wp-json\/wp\/v2\/comments?post=25466"}],"version-history":[{"count":0,"href":"https:\/\/galeana.gob.mx\/index.php\/wp-json\/wp\/v2\/pages\/25466\/revisions"}],"wp:attachment":[{"href":"https:\/\/galeana.gob.mx\/index.php\/wp-json\/wp\/v2\/media?parent=25466"}],"curies":[{"name":"wp","href":"https:\/\/api.w.org\/{rel}","templated":true}]}}