{"id":24642,"date":"2024-10-29T11:31:11","date_gmt":"2024-10-29T17:31:11","guid":{"rendered":"https:\/\/galeana.gob.mx\/?page_id=24642"},"modified":"2025-06-19T12:31:30","modified_gmt":"2025-06-19T18:31:30","slug":"experiencia-curricular-2","status":"publish","type":"page","link":"https:\/\/galeana.gob.mx\/index.php\/experiencia-curricular-2\/","title":{"rendered":"EXPERIENCIA CURRICULAR 2024"},"content":{"rendered":"\n<div class=\"wp-block-file\"><a id=\"wp-block-file--media-f84f018e-5c8d-4025-bfd1-1b410ef28e87\" href=\"https:\/\/galeana.gob.mx\/wp-content\/uploads\/2024\/10\/Curriculum-vitae-Alejandra-Ramirez-Diaz.pdf\">Curriculum vitae-Alejandra-Ramirez-Diaz<\/a><\/div>\n\n\n\n<p><a href=\"https:\/\/galeana.gob.mx\/wp-content\/uploads\/2022\/08\/Curriculum-vitae-Rolando-Azael-Guerrero-Rangel.pdf\" data-type=\"attachment\" data-id=\"14821\">Curriculum-vitae-Rolando-Azael-Guerrero-Rangel<\/a><\/p>\n\n\n\n<p><a href=\"https:\/\/galeana.gob.mx\/wp-content\/uploads\/2022\/08\/Curriculum-vitae-Hermilio-Ruiz-Pesina.pdf\" data-type=\"attachment\" data-id=\"14830\">Curriculum-vitae-Hermilio-Ruiz-Pesina<\/a><\/p>\n\n\n\n<p><a href=\"https:\/\/galeana.gob.mx\/wp-content\/uploads\/2022\/08\/Curriculum-vitae-Manuel-Abundis-Salazar.pdf\" data-type=\"attachment\" data-id=\"14819\">Curriculum-vitae-Manuel-Abundis-Salazar<\/a><\/p>\n\n\n\n<p><a href=\"https:\/\/galeana.gob.mx\/wp-content\/uploads\/2022\/06\/Curriculum-vitae-Eleazar-Resendiz-Carranza.pdf\" data-type=\"attachment\" data-id=\"13967\">Curriculum-vitae-Eleazar-Resendiz-Carranza<\/a><\/p>\n\n\n\n<p><a href=\"https:\/\/galeana.gob.mx\/wp-content\/uploads\/2022\/06\/Curriculum-vitae-Angel-Francisco-Sanchez-Almanza.pdf\" data-type=\"attachment\" data-id=\"13973\">Curriculum-vitae-Angel-Francisco-Sanchez-Almanza<\/a><\/p>\n\n\n\n<p><a href=\"https:\/\/galeana.gob.mx\/wp-content\/uploads\/2022\/08\/Curriculum-vitae-Francisco-Velazquez-Gamez.pdf\" data-type=\"attachment\" data-id=\"14875\">Curriculum-vitae-Francisco-Velazquez-Gamez<\/a><\/p>\n\n\n\n<p><a href=\"https:\/\/galeana.gob.mx\/wp-content\/uploads\/2022\/08\/Curriculum-Vitae-Adrian-Lopez-Sanchez.pdf\" data-type=\"attachment\" data-id=\"14837\">Curriculum-Vitae-Adrian-Lopez-Sanchez<\/a><\/p>\n\n\n\n<div class=\"wp-block-file\"><a id=\"wp-block-file--media-798da837-a11b-44d3-a403-77164fdc26f5\" href=\"https:\/\/galeana.gob.mx\/wp-content\/uploads\/2025\/06\/curriculum-Brissa-Lizandra-Gamez-Lopez.pdf\">curriculum-Brissa Lizandra Gamez Lopez<\/a><\/div>\n\n\n\n<p><a href=\"https:\/\/galeana.gob.mx\/wp-content\/uploads\/2022\/06\/Curriculum-vitae-Luis-Guillermo-Perales-Sanchez.pdf\" data-type=\"attachment\" data-id=\"13964\">Curriculum-vitae-Luis-Guillermo-Perales-Sanchez<\/a><\/p>\n\n\n\n<div class=\"wp-block-file\"><a id=\"wp-block-file--media-caab8f4f-3aef-4342-aaa4-e0459192362c\" href=\"https:\/\/galeana.gob.mx\/wp-content\/uploads\/2024\/10\/Curriculum-vitae-Vladimir-de-Hoyos-Sanchez.pdf\">Curriculum vitae-Vladimir-de Hoyos-Sanchez<\/a><\/div>\n\n\n\n<div class=\"wp-block-file\"><a id=\"wp-block-file--media-2ea46df3-e3bc-4b6e-ab02-b3b77eecda1d\" href=\"https:\/\/galeana.gob.mx\/wp-content\/uploads\/2024\/11\/Curriculum-vitae-Oscar-Cardenas-Castillo.pdf\">Curriculum vitae-Oscar Cardenas Castillo<\/a><\/div>\n\n\n\n<div class=\"wp-block-file\"><a id=\"wp-block-file--media-c028c744-e678-45da-8d78-f46cb19380d9\" href=\"https:\/\/galeana.gob.mx\/wp-content\/uploads\/2024\/12\/Curriculum-vitae-Cuauhtemoc-Iturbe-Orozco.pdf\">Curriculum vitae-Cuauhtemoc Iturbe Orozco<\/a><\/div>\n\n\n\n<div class=\"wp-block-file\"><a id=\"wp-block-file--media-20b55eda-7cf3-4471-b3d0-8c6accac6f2c\" href=\"https:\/\/galeana.gob.mx\/wp-content\/uploads\/2024\/12\/Curriculum-vitae-Miguel-Antonio-Mendoza-Navejar.pdf\">Curriculum vitae-Miguel Antonio Mendoza Navejar<\/a><\/div>\n\n\n\n<div class=\"wp-block-file\"><a id=\"wp-block-file--media-19549e49-b822-4509-a1ed-641a1e43b89e\" href=\"https:\/\/galeana.gob.mx\/wp-content\/uploads\/2024\/12\/Curriculum-vitae-Marha-Raquel-Bernal-Flores.pdf\">Curriculum vitae-Marha Raquel Bernal Flores<\/a><\/div>\n\n\n\n<div class=\"wp-block-file\"><a id=\"wp-block-file--media-0fb57ec9-37eb-4407-9307-c9cde3b6d148\" href=\"https:\/\/galeana.gob.mx\/wp-content\/uploads\/2024\/12\/Curriculum-vitae-Nubia-Ruth-Carmona-Solis.pdf\">Curriculum vitae-Nubia Ruth Carmona Solis<\/a><\/div>\n\n\n\n<div class=\"wp-block-file\"><a id=\"wp-block-file--media-52a55448-94e6-4dd9-9b31-834b4bdb99ed\" href=\"https:\/\/galeana.gob.mx\/wp-content\/uploads\/2025\/06\/curriculum-Francisca-Coronado-Covarrubias.pdf\">curriculum-Francisca Coronado Covarrubias<\/a><\/div>\n\n\n\n<div class=\"wp-block-file\"><a id=\"wp-block-file--media-6d5298be-7157-4254-b3f0-283714671329\" href=\"https:\/\/galeana.gob.mx\/wp-content\/uploads\/2025\/06\/curriculum-vitae-Mario-Alberto-Casas.pdf\">curriculum vitae -Mario Alberto Casas<\/a><\/div>\n\n\n\n<div class=\"wp-block-file\"><a id=\"wp-block-file--media-5d6e7e9e-6364-49c9-8425-0f485d89e844\" href=\"https:\/\/galeana.gob.mx\/wp-content\/uploads\/2025\/06\/curriculum-vitae-Samuel-Reyes-Diaz.pdf\">curriculum vitae Samuel Reyes Diaz<\/a><\/div>\n\n\n\n<div class=\"wp-block-file\"><a id=\"wp-block-file--media-27295998-6f99-42ca-963f-79623049055e\" href=\"https:\/\/galeana.gob.mx\/wp-content\/uploads\/2025\/06\/curriculum-Heliodoro-Tienda-Grimaldo.pdf\">curriculum-Heliodoro Tienda Grimaldo<\/a><\/div>\n\n\n\n<div class=\"wp-block-file\"><a id=\"wp-block-file--media-25d7a8dd-75f7-4105-a756-bcffc164b05c\" href=\"https:\/\/galeana.gob.mx\/wp-content\/uploads\/2025\/06\/curriculum-Jorge-Barragan-Miguel.pdf\">curriculum-Jorge Barragan Miguel<\/a><\/div>\n\n\n\n<div class=\"wp-block-file\"><a id=\"wp-block-file--media-ad1fbb2b-085c-4a52-8ca7-7f73acad1e36\" href=\"https:\/\/galeana.gob.mx\/wp-content\/uploads\/2025\/06\/curriculum-Martin-Gaytan-Martnez.pdf\">curriculum-Martin Gaytan Martnez<\/a><\/div>\n\n\n\n<div class=\"wp-block-file\"><a id=\"wp-block-file--media-10681b8d-861b-4871-bb94-ee52cb6c6ee1\" href=\"https:\/\/galeana.gob.mx\/wp-content\/uploads\/2025\/06\/curriculum-Nain-Azael-De-la-Rosa-Estrada.pdf\">curriculum-Nain Azael De la Rosa Estrada<\/a><\/div>\n\n\n\n<div class=\"wp-block-file\"><a id=\"wp-block-file--media-dbd0fd28-4e27-4835-baaa-5a66b1fa6bb4\" href=\"https:\/\/galeana.gob.mx\/wp-content\/uploads\/2025\/06\/curriculum-Roberto-Sanchez-Alejandro.pdf\">curriculum-Roberto S\u00e1nchez Alejandro<\/a><\/div>\n\n\n\n<div class=\"wp-block-file\"><a id=\"wp-block-file--media-4cf613f1-6af4-491c-a3f7-2843a8590219\" href=\"https:\/\/galeana.gob.mx\/wp-content\/uploads\/2025\/06\/curriculum-vitae-Hector-Omar-Barcenas-Rodriguez.pdf\">curriculum vitae H\u00e9ctor Omar B\u00e1rcenas Rodr\u00edguez<\/a><\/div>\n\n\n\n<p><\/p>\n","protected":false},"excerpt":{"rendered":"<p>Curriculum-vitae-Rolando-Azael-Guerrero-Rangel Curriculum-vitae-Hermilio-Ruiz-Pesina Curriculum-vitae-Manuel-Abundis-Salazar Curriculum-vitae-Eleazar-Resendiz-Carranza Curriculum-vitae-Angel-Francisco-Sanchez-Almanza Curriculum-vitae-Francisco-Velazquez-Gamez Curriculum-Vitae-Adrian-Lopez-Sanchez Curriculum-vitae-Luis-Guillermo-Perales-Sanchez<\/p>\n","protected":false},"author":1,"featured_media":0,"parent":0,"menu_order":0,"comment_status":"closed","ping_status":"closed","template":"","meta":{"footnotes":""},"class_list":["post-24642","page","type-page","status-publish","hentry"],"_links":{"self":[{"href":"https:\/\/galeana.gob.mx\/index.php\/wp-json\/wp\/v2\/pages\/24642","targetHints":{"allow":["GET"]}}],"collection":[{"href":"https:\/\/galeana.gob.mx\/index.php\/wp-json\/wp\/v2\/pages"}],"about":[{"href":"https:\/\/galeana.gob.mx\/index.php\/wp-json\/wp\/v2\/types\/page"}],"author":[{"embeddable":true,"href":"https:\/\/galeana.gob.mx\/index.php\/wp-json\/wp\/v2\/users\/1"}],"replies":[{"embeddable":true,"href":"https:\/\/galeana.gob.mx\/index.php\/wp-json\/wp\/v2\/comments?post=24642"}],"version-history":[{"count":0,"href":"https:\/\/galeana.gob.mx\/index.php\/wp-json\/wp\/v2\/pages\/24642\/revisions"}],"wp:attachment":[{"href":"https:\/\/galeana.gob.mx\/index.php\/wp-json\/wp\/v2\/media?parent=24642"}],"curies":[{"name":"wp","href":"https:\/\/api.w.org\/{rel}","templated":true}]}}

<div class="wp-block-file"><a id="wp-block-file--media-f84f018e-5c8d-4025-bfd1-1b410ef28e87" href="https://galeana.gob.mx/wp-content/uploads/2024/10/Curriculum-vitae-Alejandra-Ramirez-Diaz.pdf">Curriculum vitae-Alejandra-Ramirez-Diaz</a></div>



<p><a href="https://galeana.gob.mx/wp-content/uploads/2022/08/Curriculum-vitae-Rolando-Azael-Guerrero-Rangel.pdf" data-type="attachment" data-id="14821">Curriculum-vitae-Rolando-Azael-Guerrero-Rangel</a></p>



<p><a href="https://galeana.gob.mx/wp-content/uploads/2022/08/Curriculum-vitae-Hermilio-Ruiz-Pesina.pdf" data-type="attachment" data-id="14830">Curriculum-vitae-Hermilio-Ruiz-Pesina</a></p>



<p><a href="https://galeana.gob.mx/wp-content/uploads/2022/08/Curriculum-vitae-Manuel-Abundis-Salazar.pdf" data-type="attachment" data-id="14819">Curriculum-vitae-Manuel-Abundis-Salazar</a></p>



<p><a href="https://galeana.gob.mx/wp-content/uploads/2022/06/Curriculum-vitae-Eleazar-Resendiz-Carranza.pdf" data-type="attachment" data-id="13967">Curriculum-vitae-Eleazar-Resendiz-Carranza</a></p>



<p><a href="https://galeana.gob.mx/wp-content/uploads/2022/06/Curriculum-vitae-Angel-Francisco-Sanchez-Almanza.pdf" data-type="attachment" data-id="13973">Curriculum-vitae-Angel-Francisco-Sanchez-Almanza</a></p>



<p><a href="https://galeana.gob.mx/wp-content/uploads/2022/08/Curriculum-vitae-Francisco-Velazquez-Gamez.pdf" data-type="attachment" data-id="14875">Curriculum-vitae-Francisco-Velazquez-Gamez</a></p>



<p><a href="https://galeana.gob.mx/wp-content/uploads/2022/08/Curriculum-Vitae-Adrian-Lopez-Sanchez.pdf" data-type="attachment" data-id="14837">Curriculum-Vitae-Adrian-Lopez-Sanchez</a></p>



<div class="wp-block-file"><a id="wp-block-file--media-798da837-a11b-44d3-a403-77164fdc26f5" href="https://galeana.gob.mx/wp-content/uploads/2025/06/curriculum-Brissa-Lizandra-Gamez-Lopez.pdf">curriculum-Brissa Lizandra Gamez Lopez</a></div>



<p><a href="https://galeana.gob.mx/wp-content/uploads/2022/06/Curriculum-vitae-Luis-Guillermo-Perales-Sanchez.pdf" data-type="attachment" data-id="13964">Curriculum-vitae-Luis-Guillermo-Perales-Sanchez</a></p>



<div class="wp-block-file"><a id="wp-block-file--media-caab8f4f-3aef-4342-aaa4-e0459192362c" href="https://galeana.gob.mx/wp-content/uploads/2024/10/Curriculum-vitae-Vladimir-de-Hoyos-Sanchez.pdf">Curriculum vitae-Vladimir-de Hoyos-Sanchez</a></div>



<div class="wp-block-file"><a id="wp-block-file--media-2ea46df3-e3bc-4b6e-ab02-b3b77eecda1d" href="https://galeana.gob.mx/wp-content/uploads/2024/11/Curriculum-vitae-Oscar-Cardenas-Castillo.pdf">Curriculum vitae-Oscar Cardenas Castillo</a></div>



<div class="wp-block-file"><a id="wp-block-file--media-c028c744-e678-45da-8d78-f46cb19380d9" href="https://galeana.gob.mx/wp-content/uploads/2024/12/Curriculum-vitae-Cuauhtemoc-Iturbe-Orozco.pdf">Curriculum vitae-Cuauhtemoc Iturbe Orozco</a></div>



<div class="wp-block-file"><a id="wp-block-file--media-20b55eda-7cf3-4471-b3d0-8c6accac6f2c" href="https://galeana.gob.mx/wp-content/uploads/2024/12/Curriculum-vitae-Miguel-Antonio-Mendoza-Navejar.pdf">Curriculum vitae-Miguel Antonio Mendoza Navejar</a></div>



<div class="wp-block-file"><a id="wp-block-file--media-19549e49-b822-4509-a1ed-641a1e43b89e" href="https://galeana.gob.mx/wp-content/uploads/2024/12/Curriculum-vitae-Marha-Raquel-Bernal-Flores.pdf">Curriculum vitae-Marha Raquel Bernal Flores</a></div>



<div class="wp-block-file"><a id="wp-block-file--media-0fb57ec9-37eb-4407-9307-c9cde3b6d148" href="https://galeana.gob.mx/wp-content/uploads/2024/12/Curriculum-vitae-Nubia-Ruth-Carmona-Solis.pdf">Curriculum vitae-Nubia Ruth Carmona Solis</a></div>



<div class="wp-block-file"><a id="wp-block-file--media-52a55448-94e6-4dd9-9b31-834b4bdb99ed" href="https://galeana.gob.mx/wp-content/uploads/2025/06/curriculum-Francisca-Coronado-Covarrubias.pdf">curriculum-Francisca Coronado Covarrubias</a></div>



<div class="wp-block-file"><a id="wp-block-file--media-6d5298be-7157-4254-b3f0-283714671329" href="https://galeana.gob.mx/wp-content/uploads/2025/06/curriculum-vitae-Mario-Alberto-Casas.pdf">curriculum vitae -Mario Alberto Casas</a></div>



<div class="wp-block-file"><a id="wp-block-file--media-5d6e7e9e-6364-49c9-8425-0f485d89e844" href="https://galeana.gob.mx/wp-content/uploads/2025/06/curriculum-vitae-Samuel-Reyes-Diaz.pdf">curriculum vitae Samuel Reyes Diaz</a></div>



<div class="wp-block-file"><a id="wp-block-file--media-27295998-6f99-42ca-963f-79623049055e" href="https://galeana.gob.mx/wp-content/uploads/2025/06/curriculum-Heliodoro-Tienda-Grimaldo.pdf">curriculum-Heliodoro Tienda Grimaldo</a></div>



<div class="wp-block-file"><a id="wp-block-file--media-25d7a8dd-75f7-4105-a756-bcffc164b05c" href="https://galeana.gob.mx/wp-content/uploads/2025/06/curriculum-Jorge-Barragan-Miguel.pdf">curriculum-Jorge Barragan Miguel</a></div>



<div class="wp-block-file"><a id="wp-block-file--media-ad1fbb2b-085c-4a52-8ca7-7f73acad1e36" href="https://galeana.gob.mx/wp-content/uploads/2025/06/curriculum-Martin-Gaytan-Martnez.pdf">curriculum-Martin Gaytan Martnez</a></div>



<div class="wp-block-file"><a id="wp-block-file--media-10681b8d-861b-4871-bb94-ee52cb6c6ee1" href="https://galeana.gob.mx/wp-content/uploads/2025/06/curriculum-Nain-Azael-De-la-Rosa-Estrada.pdf">curriculum-Nain Azael De la Rosa Estrada</a></div>



<div class="wp-block-file"><a id="wp-block-file--media-dbd0fd28-4e27-4835-baaa-5a66b1fa6bb4" href="https://galeana.gob.mx/wp-content/uploads/2025/06/curriculum-Roberto-Sanchez-Alejandro.pdf">curriculum-Roberto Sánchez Alejandro</a></div>



<div class="wp-block-file"><a id="wp-block-file--media-4cf613f1-6af4-491c-a3f7-2843a8590219" href="https://galeana.gob.mx/wp-content/uploads/2025/06/curriculum-vitae-Hector-Omar-Barcenas-Rodriguez.pdf">curriculum vitae Héctor Omar Bárcenas Rodríguez</a></div>



<p></p>
