{"id":21880,"date":"2024-03-21T12:20:55","date_gmt":"2024-03-21T18:20:55","guid":{"rendered":"https:\/\/galeana.gob.mx\/?page_id=21880"},"modified":"2025-02-05T10:28:41","modified_gmt":"2025-02-05T16:28:41","slug":"tesoreria-2024","status":"publish","type":"page","link":"https:\/\/galeana.gob.mx\/index.php\/tesoreria-2024\/","title":{"rendered":"DOCUMENTOS 2024"},"content":{"rendered":"\n<p><a href=\"https:\/\/galeana.gob.mx\/index.php\/indice-de-calidad-en-la-informacion-aplicacion-de-rec-federales-2024\/\" data-type=\"page\" data-id=\"23556\">\u00cdndice de Calidad en la Informaci\u00f3n-Aplicaci\u00f3n de Rec. Federales-2024<\/a><\/p>\n\n\n\n<p><a href=\"https:\/\/galeana.gob.mx\/index.php\/aplicacion-de-fondos-federales\/\" data-type=\"page\" data-id=\"23223\">APLICACION DE FONDOS FEDERALES<\/a><\/p>\n\n\n\n<p><a href=\"https:\/\/galeana.gob.mx\/index.php\/relacion-de-ayudas-sociales\/\" data-type=\"page\" data-id=\"22173\">RELACION DE AYUDAS SOCIALES<\/a><\/p>\n\n\n\n<p><a href=\"https:\/\/galeana.gob.mx\/index.php\/con-gubernamental-trim1-2024\/\" data-type=\"page\" data-id=\"22177\">CON-GUBERNAMENTAL TRIM1-2024<\/a><\/p>\n\n\n\n<div class=\"wp-block-file\"><a id=\"wp-block-file--media-60dc1f36-095c-41a2-90a5-8e917943983f\" href=\"https:\/\/galeana.gob.mx\/wp-content\/uploads\/2025\/02\/PADRON-PROVEEDORES-2024-.xlsx\">PADRON-PROVEEDORES-2024-<\/a><\/div>\n\n\n\n<p><a href=\"https:\/\/galeana.gob.mx\/index.php\/transferencias\/\" data-type=\"page\" data-id=\"22026\">PAGO POR TRANSFERENCIAS<\/a><\/p>\n\n\n\n<p><a href=\"https:\/\/galeana.gob.mx\/index.php\/relacion-analitica-de-cheques-3\/\" data-type=\"page\" data-id=\"22027\">RELACION ANALITICA DE CHEQUES<\/a><\/p>\n\n\n\n<p><a href=\"https:\/\/galeana.gob.mx\/index.php\/estados-financieros\/\" data-type=\"page\" data-id=\"22068\">ESTADOS FINANCIEROS TRIMESTRALES<\/a><\/p>\n\n\n\n<p><a href=\"https:\/\/galeana.gob.mx\/index.php\/2024\/04\/23\/estados-financieros\/\" data-type=\"post\" data-id=\"22071\">ESTADOS FINANCIEROS<\/a><\/p>\n","protected":false},"excerpt":{"rendered":"<p>\u00cdndice de Calidad en la Informaci\u00f3n-Aplicaci\u00f3n de Rec. Federales-2024 APLICACION DE FONDOS FEDERALES RELACION DE AYUDAS SOCIALES CON-GUBERNAMENTAL TRIM1-2024 PAGO POR TRANSFERENCIAS RELACION ANALITICA DE CHEQUES ESTADOS FINANCIEROS TRIMESTRALES ESTADOS FINANCIEROS<\/p>\n","protected":false},"author":1,"featured_media":0,"parent":0,"menu_order":0,"comment_status":"closed","ping_status":"closed","template":"","meta":{"footnotes":""},"class_list":["post-21880","page","type-page","status-publish","hentry"],"_links":{"self":[{"href":"https:\/\/galeana.gob.mx\/index.php\/wp-json\/wp\/v2\/pages\/21880","targetHints":{"allow":["GET"]}}],"collection":[{"href":"https:\/\/galeana.gob.mx\/index.php\/wp-json\/wp\/v2\/pages"}],"about":[{"href":"https:\/\/galeana.gob.mx\/index.php\/wp-json\/wp\/v2\/types\/page"}],"author":[{"embeddable":true,"href":"https:\/\/galeana.gob.mx\/index.php\/wp-json\/wp\/v2\/users\/1"}],"replies":[{"embeddable":true,"href":"https:\/\/galeana.gob.mx\/index.php\/wp-json\/wp\/v2\/comments?post=21880"}],"version-history":[{"count":0,"href":"https:\/\/galeana.gob.mx\/index.php\/wp-json\/wp\/v2\/pages\/21880\/revisions"}],"wp:attachment":[{"href":"https:\/\/galeana.gob.mx\/index.php\/wp-json\/wp\/v2\/media?parent=21880"}],"curies":[{"name":"wp","href":"https:\/\/api.w.org\/{rel}","templated":true}]}}