{"id":17148,"date":"2023-03-09T10:41:05","date_gmt":"2023-03-09T16:41:05","guid":{"rendered":"https:\/\/galeana.gob.mx\/?page_id=17148"},"modified":"2024-01-18T12:25:20","modified_gmt":"2024-01-18T18:25:20","slug":"articulo-96-2","status":"publish","type":"page","link":"https:\/\/galeana.gob.mx\/index.php\/articulo-96-2\/","title":{"rendered":"ARTICULO 96"},"content":{"rendered":"\n<p>Los Organismos garantes, en el \u00e1mbito de sus competencias deben resolver la denuncia,<br>dentro de los veinte d\u00edas siguientes al t\u00e9rmino del plazo en que el sujeto obligado debe presentar su<br>informe o, en su caso, los informes complementarios.<br>La resoluci\u00f3n debe ser fundada y motivada e invariablemente debe pronunciarse sobre el<br>cumplimiento de la publicaci\u00f3n de la informaci\u00f3n por parte del sujeto obligado.<\/p>\n\n\n\n<p><strong>DIRECCI\u00d3N<\/strong>&nbsp;<strong>SECRETAR\u00cdA DE FINANZAS Y TESORER\u00cdA MUNICIPAL&nbsp;&nbsp;&nbsp;&nbsp;&nbsp;&nbsp;&nbsp;&nbsp;&nbsp;&nbsp;&nbsp;&nbsp;&nbsp;&nbsp;&nbsp;&nbsp;&nbsp;&nbsp;&nbsp;&nbsp;&nbsp;&nbsp;&nbsp;&nbsp;&nbsp;<\/strong><\/p>\n\n\n\n<p>ARTICULO 96 \u2013 FRACCION II-A&nbsp;&nbsp;&nbsp; Presupuesto de egresos&nbsp;&nbsp;&nbsp;&nbsp;&nbsp;&nbsp;&nbsp;&nbsp;&nbsp;&nbsp;&nbsp;&nbsp;&nbsp;&nbsp; La publicaci\u00f3n global y espec\u00edfica (por gasto) del presupuesto de egresos por parte del Poder Ejecutivo Federal, de las entidades Federativas, el Gobierno de la Ciudad de M\u00e9xico y los municipios, as\u00ed como la manera en que ser\u00e1 asignado (f\u00f3rmulas) permitir\u00e1 a la ciudadan\u00eda conocer cu\u00e1nto y c\u00f3mo ser\u00e1 gastado el presupuesto asignado en cada uno de los rubros de la administraci\u00f3n p\u00fablica durante un ejercicio fiscal y mediante ello estimar la relevancia de cada una de las pol\u00edticas p\u00fablicas.&nbsp;<a href=\"https:\/\/galeana.gob.mx\/index.php\/formatos-335\/\" data-type=\"page\" data-id=\"17731\">FORMATOS<\/a><\/p>\n\n\n\n<p>ARTICULO 96 \u2013 FRACCION II-B&nbsp;&nbsp;&nbsp; Egresos y f\u00f3rmulas de distribuci\u00f3n de los recursos&nbsp;&nbsp;&nbsp;&nbsp;&nbsp;&nbsp;&nbsp;&nbsp;&nbsp; Las Secretar\u00edas de Finanzas (o equivalente), ser\u00e1n las que otorguen la informaci\u00f3n sobre las f\u00f3rmulas de distribuci\u00f3n de los recursos otorgados, por su parte las entidades federativas, a trav\u00e9s de su Secretar\u00eda de Finanzas (o equivalente), ser\u00e1n las que doten de la informaci\u00f3n sobre los egresos de todas sus Secretar\u00edas Estatales. En el caso de los Ayuntamientos deber\u00e1 ser la Presidencia municipal (apoyada por la Comisi\u00f3n de Hacienda, Tesorero Municipal y\/o Contralor Municipal).&nbsp;<a href=\"https:\/\/galeana.gob.mx\/index.php\/formatos-336\/\" data-type=\"page\" data-id=\"17735\">FORMATOS<\/a><\/p>\n\n\n\n<p>ARTICULO 96-FRACCION V-A&nbsp;&nbsp;&nbsp;&nbsp;&nbsp; Hiperv\u00ednculo a las cancelaciones y condonaciones de cr\u00e9ditos fiscales&nbsp;&nbsp;&nbsp; Los sujetos obligados que no generan la informaci\u00f3n solicitada en el presente inciso publicar\u00e1n una nota aclaratoria e informativa, as\u00ed como un hiperv\u00ednculo al sujeto obligado que refieran.&nbsp;<a href=\"https:\/\/galeana.gob.mx\/index.php\/formatos-337\/\" data-type=\"page\" data-id=\"17740\">FORMATOS<\/a><\/p>\n\n\n\n<p>ARTICULO 96-FRACCION V-B&nbsp;&nbsp;&nbsp;&nbsp;&nbsp; Contribuyentes que recibieron cancelaci\u00f3n o condonaci\u00f3n de cr\u00e9ditos fiscales&nbsp;&nbsp; La exenci\u00f3n o condonaci\u00f3n de cr\u00e9ditos fiscales realizada por el gobierno a trav\u00e9s de su autoridad fiscalizadora, consiste en la exclusi\u00f3n total o parcial de la obligaci\u00f3n de pago de los sujetos pasivos del impuesto . Generalmente en los c\u00f3digos fiscales correspondientes se determinan los tipos de condonaciones.&nbsp;<a href=\"https:\/\/galeana.gob.mx\/index.php\/formatos-338\/\" data-type=\"page\" data-id=\"17747\">FORMATOS<\/a><\/p>\n\n\n\n<p>ARTICULO 96-FRACCION V-C&nbsp;&nbsp;&nbsp;&nbsp;&nbsp; Estad\u00edsticas sobre exenciones fiscales&nbsp;&nbsp;&nbsp; Las estad\u00edsticas deber\u00e1n tener los elementos b\u00e1sicos que permitan conocer, por ejemplo, los conceptos exentados, el n\u00famero de exenciones por cada concepto, el monto total de las operaciones por tipo de concepto.&nbsp;<a href=\"https:\/\/galeana.gob.mx\/index.php\/formatos-339\/\" data-type=\"page\" data-id=\"17753\">FORMATOS<\/a><\/p>\n\n\n\n<p>\u2013 ARTICULO 96 \u2013 FRACCION XI&nbsp;&nbsp;&nbsp; Glosa de Gobierno (en cuanto a los Ayuntamientos)&nbsp;&nbsp;&nbsp;&nbsp;&nbsp; Glosa de Gobierno (en cuanto a los Ayuntamientos).&nbsp;<a href=\"https:\/\/galeana.gob.mx\/index.php\/formatos-340\/\" data-type=\"page\" data-id=\"17760\">FORMATOS<\/a><\/p>\n\n\n\n<p><strong>DIRECCI\u00d3N<\/strong>&nbsp;<strong>CONTRALOR\u00cdA MUNICIPAL&nbsp;&nbsp;&nbsp;&nbsp;&nbsp;&nbsp;&nbsp;&nbsp;&nbsp;&nbsp;&nbsp;&nbsp;&nbsp;&nbsp;&nbsp;&nbsp;&nbsp;&nbsp;&nbsp;&nbsp;&nbsp;&nbsp;&nbsp;&nbsp;&nbsp;&nbsp;&nbsp;<\/strong><\/p>\n\n\n\n<p>ARTICULO 96-FRACCION II-A&nbsp;&nbsp;&nbsp;&nbsp;&nbsp; Presupuesto de egresos&nbsp;&nbsp;&nbsp;&nbsp;&nbsp;&nbsp;&nbsp;&nbsp;&nbsp;&nbsp;&nbsp;&nbsp;&nbsp;&nbsp; La publicaci\u00f3n global y espec\u00edfica (por gasto) del presupuesto de egresos por parte del Poder Ejecutivo Federal, de las entidades Federativas, el Gobierno de la Ciudad de M\u00e9xico y los municipios, as\u00ed como la manera en que ser\u00e1 asignado (f\u00f3rmulas) permitir\u00e1 a la ciudadan\u00eda conocer cu\u00e1nto y c\u00f3mo ser\u00e1 gastado el presupuesto asignado en cada uno de los rubros de la administraci\u00f3n p\u00fablica durante un ejercicio fiscal y mediante ello estimar la relevancia de cada una de las pol\u00edticas p\u00fablicas.<\/p>\n\n\n\n<p>ARTICULO 96-FRACCION II-B&nbsp;&nbsp;&nbsp;&nbsp;&nbsp; Egresos y f\u00f3rmulas de distribuci\u00f3n de los recursos&nbsp;&nbsp;&nbsp;&nbsp;&nbsp;&nbsp;&nbsp;&nbsp;&nbsp; Las Secretar\u00edas de Finanzas (o equivalente), ser\u00e1n las que otorguen la informaci\u00f3n sobre las f\u00f3rmulas de distribuci\u00f3n de los recursos otorgados, por su parte las entidades federativas, a trav\u00e9s de su Secretar\u00eda de Finanzas (o equivalente), ser\u00e1n las que doten de la informaci\u00f3n sobre los egresos de todas sus Secretar\u00edas Estatales. En el caso de los Ayuntamientos deber\u00e1 ser la Presidencia municipal (apoyada por la Comisi\u00f3n de Hacienda, Tesorero Municipal y\/o Contralor Municipal).&nbsp;<\/p>\n\n\n\n<p class=\"has-colibri-color-5-background-color has-background\">ARTICULO 96-FRACCION III-A- Las fechas de pago y recepci\u00f3n de las Participaciones Federales y Estatales a municipios, los montos efectivamente pagados&nbsp;&nbsp;&nbsp;&nbsp;&nbsp; &nbsp;<a href=\"https:\/\/galeana.gob.mx\/index.php\/formatos-341\/\" data-type=\"page\" data-id=\"17765\">FORMATOS<\/a><\/p>\n\n\n\n<p class=\"has-colibri-color-5-background-color has-background\">ARTICULO 96-FRACCION III-B-&nbsp;Las fechas de pago y recepci\u00f3n de las Aportaciones Federales y Estatales a municipios, los montos efectivamente pagados&nbsp;&nbsp;&nbsp;&nbsp; &nbsp;<a href=\"https:\/\/galeana.gob.mx\/index.php\/formatos-342\/\" data-type=\"page\" data-id=\"17771\">FORMATOS<\/a><\/p>\n\n\n\n<p><strong>DIRECCI\u00d3N&nbsp;SECRETAR\u00cdA DEL AYUNTAMIENTO&nbsp;&nbsp;<\/strong>&nbsp;&nbsp;&nbsp;&nbsp;&nbsp;&nbsp;&nbsp;&nbsp;&nbsp;&nbsp;&nbsp;&nbsp;&nbsp;&nbsp;&nbsp;&nbsp;&nbsp;&nbsp;&nbsp;&nbsp;&nbsp;&nbsp;&nbsp;&nbsp;&nbsp;&nbsp;<\/p>\n\n\n\n<p>\u2013 ARTICULO 96 \u2013 FRACCION I -A&nbsp;&nbsp; Hiperv\u00ednculo al Plan Nacional de Desarrollo&nbsp;&nbsp;&nbsp;&nbsp;&nbsp;&nbsp;&nbsp;&nbsp; Los sujetos obligados que no generan la informaci\u00f3n sobre el Plan Nacional de Desarrollo, seg\u00fan sea el caso, deber\u00e1n incluir una nota aclaratoria e informativa y un hiperv\u00ednculo que refiera al sujeto obligado que corresponda.&nbsp;<a href=\"https:\/\/galeana.gob.mx\/index.php\/formatos-343\/\" data-type=\"page\" data-id=\"17777\">FORMATOS<\/a><\/p>\n\n\n\n<p>\u2013 ARTICULO 96 \u2013 FRACCION I \u2013 B&nbsp;&nbsp;&nbsp;&nbsp;&nbsp; Plan de Desarrollo (Nacional, Estatal, Municipal)&nbsp;&nbsp;&nbsp;&nbsp;&nbsp;&nbsp;&nbsp;&nbsp;&nbsp;&nbsp;&nbsp;&nbsp;&nbsp; Los instrumentos que permiten visibilizar la pol\u00edtica p\u00fablica para el desarrollo nacional, estatal y municipal, son los planes elaborados por los Poderes Ejecutivos de los \u00f3rdenes de gobierno, los cuales deben ser congruentes y realizarse y desarrollarse de manera coordinada.&nbsp;<a href=\"https:\/\/galeana.gob.mx\/index.php\/formatos-344\/\" data-type=\"page\" data-id=\"17781\">FORMATOS<\/a><\/p>\n\n\n\n<p>\u2013 ARTICULO 96 \u2013 FRACCION IX&nbsp;&nbsp;&nbsp; Disposiciones administrativas&nbsp;&nbsp;&nbsp; Se consideran disposiciones administrativas las emitidas por las entidades administrativas de los Poderes Ejecutivos que cuenten con atribuciones para ello, por medio de las cuales se establecen y regulan las acciones y decisiones para el cumplimiento de sus facultades legales.&nbsp;<a href=\"https:\/\/galeana.gob.mx\/index.php\/formatos-345\/\" data-type=\"page\" data-id=\"17785\">FORMATOS<\/a><\/p>\n\n\n\n<p><strong>DIRECCI\u00d3N&nbsp;DESARROLLO URBANO&nbsp;&nbsp;&nbsp;&nbsp;&nbsp;&nbsp;&nbsp;&nbsp;&nbsp;&nbsp;&nbsp;&nbsp;&nbsp;&nbsp;&nbsp;&nbsp;&nbsp;&nbsp;&nbsp;<\/strong><\/p>\n\n\n\n<p class=\"has-colibri-color-5-background-color has-background\">\u2013 ARTICULO 96 \u2013 FRACCION VI&nbsp;&nbsp;&nbsp; Constancias, certificados, permisos, licencias&nbsp;&nbsp;&nbsp;&nbsp;&nbsp; Constancias, certificados, permisos, licencias, entre otros. <a href=\"https:\/\/galeana.gob.mx\/index.php\/formatos-353\/\" data-type=\"page\" data-id=\"17825\">FORMATOS<\/a>&nbsp;<\/p>\n\n\n\n<p>ARTICULO 96-FRACCION VIII-A&nbsp; Hiperv\u00ednculo a los planes de desarrollo urbano&nbsp; Los sujetos obligados que no generan informaci\u00f3n respecto a planes de desarrollo urbano, ordenamiento territorial y ecol\u00f3gico, los tipos de uso del suelo, licencias de uso y construcci\u00f3n, incluir\u00e1n un mensaje refiriendo al sujeto obligado que as\u00ed corresponda, as\u00ed como un hiperv\u00ednculo al portal del sujeto que hayan referido. <a href=\"https:\/\/galeana.gob.mx\/index.php\/formatos-346\/\" data-type=\"page\" data-id=\"17792\">FORMATOS<\/a>&nbsp;<\/p>\n\n\n\n<p>ARTICULO 96-FRACCION VIII-B&nbsp; Planes y\/o programas de desarrollo urbano&nbsp;&nbsp;&nbsp;&nbsp;&nbsp;&nbsp;&nbsp; Los Programas nacionales, regionales, estatales y municipales de desarrollo urbano y de vivienda, ordenamiento territorial y ecol\u00f3gico son instrumentos p\u00fablicos que buscan ordenar y desarrollar el territorio mexicano.&nbsp;<a href=\"https:\/\/galeana.gob.mx\/index.php\/formatos-347\/\" data-type=\"page\" data-id=\"17796\">FORMATOS<\/a><\/p>\n\n\n\n<p>ARTICULO 96-FRACCION VIII-C&nbsp; Planes y Programas de ordenamiento territorial&nbsp;&nbsp;&nbsp;&nbsp;&nbsp;&nbsp;&nbsp;&nbsp;&nbsp;&nbsp;&nbsp;&nbsp;&nbsp;&nbsp; Los Programas Nacionales, Regionales, Estatales y Municipales de desarrollo urbano y de vivienda, ordenamiento territorial y ecol\u00f3gico son instrumentos p\u00fablicos que buscan ordenar y desarrollar el territorio mexicano. <a href=\"https:\/\/galeana.gob.mx\/index.php\/formatos-348\/\" data-type=\"page\" data-id=\"17801\">FORMATOS<\/a>&nbsp;<strong>&nbsp;<\/strong><\/p>\n\n\n\n<p class=\"has-colibri-color-5-background-color has-background\">ARTICULO 96-FRACCION VIII-D&nbsp; Planes y programas de ordenamiento ecol\u00f3gico&nbsp;&nbsp;&nbsp;&nbsp;&nbsp;&nbsp;&nbsp;&nbsp;&nbsp;&nbsp;&nbsp;&nbsp;&nbsp;&nbsp; Los Programas Nacionales, Regionales, Estatales y Municipales de desarrollo urbano y de vivienda, ordenamiento territorial y ecol\u00f3gico son instrumentos p\u00fablicos que buscan ordenar y desarrollar el territorio mexicano.&nbsp;<a href=\"https:\/\/galeana.gob.mx\/index.php\/formatos-349\/\" data-type=\"page\" data-id=\"17806\">FORMATOS<\/a><\/p>\n\n\n\n<p>ARTICULO 96-FRACCION VIII-E&nbsp; Tipos de uso de suelo&nbsp;&nbsp;&nbsp; Se publicar\u00e1 las licencias de uso de suelo y construcci\u00f3n, apelando a la competencia exclusiva del Municipio, derivado del art\u00edculo 115 Constituciona, as\u00ed como a la Ley General de Asentamientos Humanos, Ordenamiento Territorial y Desarrollo Urbano, en el que se\u00f1ala a los municipios como los responsables de expedir las autorizaciones, licencias o permisos de las diversas acciones urban\u00edsticas.<strong>&nbsp;<\/strong><a href=\"https:\/\/galeana.gob.mx\/index.php\/formatos-350\/\" data-type=\"page\" data-id=\"17810\">FORMATOS<\/a><\/p>\n\n\n\n<p class=\"has-colibri-color-5-background-color has-background\">ARTICULO 96-FRACCION VIII-F&nbsp; Licencias de uso de suelo&nbsp;&nbsp;&nbsp;&nbsp;&nbsp;&nbsp;&nbsp;&nbsp;&nbsp;&nbsp;&nbsp;&nbsp; Se publicar\u00e1 toda la informaci\u00f3n relacionada con la planeaci\u00f3n, coordinaci\u00f3n, administraci\u00f3n y ejecuci\u00f3n de los proyectos y programas de desarrollo territorial incluyendo las licencias de uso de suelo.&nbsp;<a href=\"https:\/\/galeana.gob.mx\/index.php\/formatos-351\/\" data-type=\"page\" data-id=\"17816\">FORMATOS<\/a><\/p>\n\n\n\n<p class=\"has-colibri-color-5-background-color has-background\">ARTICULO 96-FRACCION VIII-G&nbsp; Licencias de construcci\u00f3n&nbsp;&nbsp;&nbsp;&nbsp;&nbsp;&nbsp;&nbsp;&nbsp;&nbsp;&nbsp;&nbsp; Se publicar\u00e1 la informaci\u00f3n relacionada con la planeaci\u00f3n, coordinaci\u00f3n, administraci\u00f3n y ejecuci\u00f3n de los proyectos y programas de desarrollo territorial, incluidas las licencias de construcci\u00f3n. <a href=\"https:\/\/galeana.gob.mx\/index.php\/formatos-352\/\" data-type=\"page\" data-id=\"17820\">FORMATOS<\/a>&nbsp;<\/p>\n\n\n\n<p><strong>DIRECCION DE OBRAS PUBLICAS&nbsp;&nbsp;&nbsp;&nbsp;&nbsp;&nbsp;&nbsp;&nbsp;&nbsp;&nbsp;&nbsp;&nbsp;&nbsp;&nbsp;&nbsp;&nbsp;<\/strong><\/p>\n\n\n\n<p class=\"has-colibri-color-5-background-color has-background\">\u2013 ARTICULO 96 \u2013 FRACCION X&nbsp;&nbsp;&nbsp;&nbsp;&nbsp; Ejecuci\u00f3n de una obra p\u00fablica&nbsp;&nbsp;&nbsp; Ejecuci\u00f3n de una obra p\u00fablica. <a href=\"https:\/\/galeana.gob.mx\/index.php\/formatos-362\/\" data-type=\"page\" data-id=\"18436\">FORMATOS<\/a><\/p>\n\n\n\n<p><\/p>\n","protected":false},"excerpt":{"rendered":"<p>Los Organismos garantes, en el \u00e1mbito de sus competencias deben resolver la denuncia,dentro de los veinte d\u00edas siguientes al t\u00e9rmino del plazo en que el sujeto obligado debe presentar suinforme o, en su caso, los informes complementarios.La resoluci\u00f3n debe ser fundada y motivada e invariablemente debe pronunciarse sobre elcumplimiento de la publicaci\u00f3n de la informaci\u00f3n [&hellip;]<\/p>\n","protected":false},"author":1,"featured_media":0,"parent":0,"menu_order":0,"comment_status":"closed","ping_status":"closed","template":"","meta":{"footnotes":""},"class_list":["post-17148","page","type-page","status-publish","hentry"],"_links":{"self":[{"href":"https:\/\/galeana.gob.mx\/index.php\/wp-json\/wp\/v2\/pages\/17148","targetHints":{"allow":["GET"]}}],"collection":[{"href":"https:\/\/galeana.gob.mx\/index.php\/wp-json\/wp\/v2\/pages"}],"about":[{"href":"https:\/\/galeana.gob.mx\/index.php\/wp-json\/wp\/v2\/types\/page"}],"author":[{"embeddable":true,"href":"https:\/\/galeana.gob.mx\/index.php\/wp-json\/wp\/v2\/users\/1"}],"replies":[{"embeddable":true,"href":"https:\/\/galeana.gob.mx\/index.php\/wp-json\/wp\/v2\/comments?post=17148"}],"version-history":[{"count":0,"href":"https:\/\/galeana.gob.mx\/index.php\/wp-json\/wp\/v2\/pages\/17148\/revisions"}],"wp:attachment":[{"href":"https:\/\/galeana.gob.mx\/index.php\/wp-json\/wp\/v2\/media?parent=17148"}],"curies":[{"name":"wp","href":"https:\/\/api.w.org\/{rel}","templated":true}]}}