{"id":16902,"date":"2023-01-17T10:42:21","date_gmt":"2023-01-17T16:42:21","guid":{"rendered":"https:\/\/galeana.gob.mx\/?page_id=16902"},"modified":"2023-01-17T10:42:21","modified_gmt":"2023-01-17T16:42:21","slug":"documentos-2022-2","status":"publish","type":"page","link":"https:\/\/galeana.gob.mx\/index.php\/documentos-2022-2\/","title":{"rendered":"DOCUMENTOS 2022"},"content":{"rendered":"\n<p><a href=\"https:\/\/galeana.gob.mx\/index.php\/padron-de-proveedores-1er-trimestre\/\" data-type=\"page\" data-id=\"11986\">Padr\u00f3n de Proveedores<\/a><\/p>\n\n\n\n<p><a href=\"https:\/\/galeana.gob.mx\/index.php\/relacion-analitica-de-cheques-2022\/\" data-type=\"page\" data-id=\"11123\">Relaci\u00f3n anal\u00edtica de cheques 2022<\/a><\/p>\n\n\n\n<p><a href=\"https:\/\/galeana.gob.mx\/index.php\/aviso-de-privacidad-5\/\" data-type=\"page\" data-id=\"4783\">AVISO DE PRIVACIDAD e.i<\/a><\/p>\n","protected":false},"excerpt":{"rendered":"<p>Padr\u00f3n de Proveedores Relaci\u00f3n anal\u00edtica de cheques 2022 AVISO DE PRIVACIDAD e.i<\/p>\n","protected":false},"author":1,"featured_media":0,"parent":0,"menu_order":0,"comment_status":"closed","ping_status":"closed","template":"","meta":{"footnotes":""},"class_list":["post-16902","page","type-page","status-publish","hentry"],"_links":{"self":[{"href":"https:\/\/galeana.gob.mx\/index.php\/wp-json\/wp\/v2\/pages\/16902","targetHints":{"allow":["GET"]}}],"collection":[{"href":"https:\/\/galeana.gob.mx\/index.php\/wp-json\/wp\/v2\/pages"}],"about":[{"href":"https:\/\/galeana.gob.mx\/index.php\/wp-json\/wp\/v2\/types\/page"}],"author":[{"embeddable":true,"href":"https:\/\/galeana.gob.mx\/index.php\/wp-json\/wp\/v2\/users\/1"}],"replies":[{"embeddable":true,"href":"https:\/\/galeana.gob.mx\/index.php\/wp-json\/wp\/v2\/comments?post=16902"}],"version-history":[{"count":0,"href":"https:\/\/galeana.gob.mx\/index.php\/wp-json\/wp\/v2\/pages\/16902\/revisions"}],"wp:attachment":[{"href":"https:\/\/galeana.gob.mx\/index.php\/wp-json\/wp\/v2\/media?parent=16902"}],"curies":[{"name":"wp","href":"https:\/\/api.w.org\/{rel}","templated":true}]}}